e greatest common divisor of 2339407 and 147.
49
Calculate the highest common factor of 234387 and 54.
27
Calculate the highest common factor of 341 and 132990.
341
Calculate the greatest common divisor of 34 and 3859068.
34
Calculate the highest common factor of 32046 and 9702.
294
Calculate the highest common factor of 252 and 993804.
84
What is the greatest common factor of 504 and 111048?
168
Calculate the highest common divisor of 130 and 4173.
13
Calculate the greatest common factor of 7455 and 30.
15
Calculate the greatest common divisor of 34 and 211378.
34
What is the highest common factor of 2492 and 4628?
356
Calculate the greatest common factor of 230 and 14191.
23
What is the greatest common factor of 19810 and 70?
70
Calculate the highest common factor of 2712 and 2429274.
678
Calculate the highest common divisor of 687852 and 252.
36
Calculate the greatest common factor of 4036038 and 918.
102
Calculate the highest common factor of 21229 and 1495.
299
What is the greatest common divisor of 1708019 and 82?
41
Calculate the greatest common factor of 619 and 513151.
619
Calculate the highest common factor of 8453 and 535.
107
Calculate the greatest common divisor of 15594 and 6780.
678
Calculate the highest common divisor of 1960 and 38710.
490
What is the highest common factor of 222 and 257779?
37
Calculate the greatest common factor of 54838 and 56.
14
Calculate the greatest common divisor of 154 and 4802.
14
Calculate the greatest common factor of 480 and 118335.
15
What is the highest common divisor of 56 and 13221684?
28
Calculate the greatest common divisor of 6931 and 1102.
29
Calculate the greatest common factor of 9 and 677043.
9
What is the highest common factor of 25362 and 6?
6
What is the greatest common factor of 574 and 3878?
14
Calculate the greatest common factor of 1170 and 22490.
130
What is the greatest common divisor of 561 and 876095?
187
Calculate the highest common factor of 332 and 234724.
332
Calculate the highest common divisor of 350 and 658.
14
What is the greatest common divisor of 652 and 214671?
163
Calculate the greatest common divisor of 114672 and 16.
16
What is the highest common divisor of 870 and 5241?
3
Calculate the greatest common divisor of 4905 and 283836.
327
What is the greatest common factor of 78 and 439803?
39
What is the greatest common factor of 594 and 4958613?
99
Calculate the greatest common factor of 180705 and 12390.
105
What is the greatest common divisor of 5760 and 8280?
360
What is the highest common factor of 4 and 142704?
4
What is the greatest common divisor of 4033 and 2257?
37
Calculate the highest common divisor of 198 and 31320.
18
Calculate the highest common factor of 336 and 208.
16
Calculate the greatest common divisor of 48 and 73592.
8
Calculate the highest common divisor of 3510 and 75.
15
Calculate the greatest common divisor of 6318 and 9612.
54
What is the greatest common divisor of 1465 and 130?
5
Calculate the highest common factor of 26118 and 72.
18
Calculate the highest common divisor of 68 and 531896.
68
Calculate the greatest common divisor of 590 and 1953667.
59
Calculate the highest common divisor of 418 and 39314.
22
Calculate the highest common factor of 44 and 324731.
11
What is the highest common factor of 28350 and 2565?
135
What is the greatest common divisor of 1637 and 4?
1
What is the highest common divisor of 231296 and 384?
128
Calculate the greatest common divisor of 45504 and 18.
18
What is the highest common divisor of 189333 and 18?
9
Calculate the greatest common factor of 572 and 17524.
52
Calculate the highest common divisor of 174 and 2924679.
87
What is the greatest common factor of 855 and 38665?
95
What is the greatest common factor of 400 and 29300?
100
Calculate the greatest common divisor of 88 and 93104.
88
What is the highest common divisor of 2871 and 26587?
11
What is the greatest common divisor of 2023 and 168?
7
What is the highest common divisor of 1197 and 203832?
171
What is the highest common factor of 14040 and 276480?
1080
Calculate the greatest common divisor of 13 and 3061357.
13
What is the highest common factor of 99 and 1833660?
9
Calculate the greatest common divisor of 26978 and 141.
47
What is the highest common divisor of 153 and 18751?
17
What is the greatest common divisor of 9184 and 3794?
14
Calculate the greatest common divisor of 80129 and 7.
7
What is the greatest common divisor of 596235 and 21?
3
Calculate the greatest common divisor of 136887 and 206.
103
Calculate the highest common divisor of 366 and 650382.
366
Calculate the highest common factor of 17 and 4332773.
17
What is the greatest common factor of 19857 and 3?
3
Calculate the highest common factor of 341 and 48794.
31
What is the greatest common divisor of 14315 and 910?
35
What is the highest common divisor of 62 and 1038965?
31
What is the greatest common divisor of 27 and 496341?
27
What is the highest common divisor of 71570 and 170?
170
What is the greatest common divisor of 299754 and 156?
78
What is the highest common divisor of 675 and 17190?
45
What is the greatest common factor of 144 and 1162656?
144
What is the highest common factor of 742 and 6986?
14
Calculate the greatest common divisor of 1792 and 2828.
28
Calculate the greatest common factor of 260048 and 16.
16
What is the greatest common divisor of 1242999 and 6669?
513
What is the highest common divisor of 10742 and 7954?
82
Calculate the highest common divisor of 413 and 4897.
59
Calculate the greatest common factor of 83 and 79763.
83
Calculate the greatest common divisor of 731230 and 15770.
830
What is the highest common divisor of 689032 and 172?
172
Calculate the highest common divisor of 156 and 4275076.
52
What is the greatest common divisor of 49005 and 28755?
405
What is the greatest common factor of 1677 and 78948?
129
What is the highest common divisor of 102987 and 18?
9
What is the highest common factor of 1441 and 684475?
1441
Calculate the greatest common factor of 154 and 20416.
22
Calculate the highest common divisor of 13660 and 40.
20
What is the highest common divisor of 318 and 183486?
318
What is the highest common factor of 629 and 8288?
37
Calculate the highest common divisor of 5362 and 1498.
14
What is the greatest common divisor of 3171 and 63?
21
What is the highest common divisor of 1393 and 11459?
7
What is the highest common factor of 147 and 57281?
49
Calculate the greatest common divisor of 1634 and 1368.
38
What is the highest common divisor of 19 and 44327?
19
Calculate the greatest common factor of 322 and 32606.
14
Calculate the highest common divisor of 34090 and 210.
70
Calculate the greatest common divisor of 43208 and 110.
22
Calculate the highest common factor of 703341 and 17.
17
What is the highest common factor of 591 and 367996?
197
Calculate the greatest common divisor of 513860 and 130.
10
Calculate the highest common factor of 1267782 and 6.
6
Calculate the greatest common divisor of 99 and 84348.
99
Calculate the highest common divisor of 1671438 and 30.
6
What is the greatest common factor of 105 and 26115?
15
Calculate the greatest common factor of 516 and 189132.
12
What is the highest common divisor of 1280 and 3898880?
1280
What is the greatest common divisor of 80460 and 188?
4
What is the highest common factor of 598793 and 13?
13
What is the greatest common divisor of 370332 and 486?
486
What is the greatest common divisor of 533637 and 6201?
117
What is the greatest common divisor of 136 and 11866?
34
Calculate the greatest common divisor of 341 and 1337526.
31
Calculate the greatest common factor of 3861 and 3159.
351
Calculate the greatest common divisor of 13170 and 5910.
30
What is the highest common factor of 128 and 100?
4
Calculate the highest common factor of 171 and 20268.
9
What is the greatest common factor of 11764 and 2176?
68
What is the highest common divisor of 139587 and 9537?
867
Calculate the highest common divisor of 65 and 24141.
13
What is the highest common divisor of 214508 and 243460?
1316
Calculate the highest common factor of 19500 and 421980.
780
Calculate the highest common factor of 504690 and 45.
15
What is the highest common factor of 414660 and 40?
20
What is the hi